
List the prime factors of 171*1*1 - (-38 + 43).
2, 83
Let y(t) = -t**3 + 20*t**2 + 18*t + 3. Let i be y(20). Suppose -5*d + 3 = 3*h - i, 4*d + 4*h = 288. List the prime factors of d.
3, 5
Let p = 2 - -1. Suppose -64 = -p*j - j. Suppose 2*q + s - 171 = -3*q, -4*s - j = 0. What are the prime factors of q?
5, 7
Let o(t) = 1101*t - 804. What are the prime factors of o(3)?
3, 7, 17
Suppose -13*b + 2250 + 5745 = 0. List the prime factors of b.
3, 5, 41
List the prime factors of (-1048)/(-4) + -5 + 7.
2, 3, 11
Let f = 54 - 90. What are the prime factors of 1/(-6) - 942/f?
2, 13
Let u be (-7 - -2)/(8/(-8)). Suppose u*h - 66 = -176. Let o = 64 + h. List the prime factors of o.
2, 3, 7
Let o be (4/(-5))/(36/(-15) + 2). Suppose -44 = -o*d + 16. List the prime factors of d.
2, 3, 5
Let l be ((-68)/6)/((-20)/90). Let o = l + 89. What are the prime factors of o?
2, 5, 7
Let w = -2 - -8. Suppose 64 = -w*s + 370. What are the prime factors of s?
3, 17
Suppose 0 = 3*i + 54 + 6. Let z = 28 - 73. Let u = i - z. List the prime factors of u.
5
Suppose -3*l + 4 = -2*l. Suppose -3*h + 3*q = -15, -h + 20 = 3*h - 5*q. Suppose l*g = h*g - 10. What are the prime factors of g?
2, 5
Let y(q) = -q**3 + 8*q**2 + 5*q + 11. Let f be y(6). Let w = f - 61. What are the prime factors of w?
2, 13
Let q(f) be the second derivative of -f**5/4 + f**4/6 + f**3/6 + 8*f. Let w be q(-1). What are the prime factors of (-3)/1*(-70)/w?
5, 7
Suppose -5*j + 4910 = 2*h + 238, 3*h + 2799 = 3*j. List the prime factors of j.
2, 467
Let c = -16 - -16. Suppose 5*b = -3*w + 21 + 43, c = -3*w + 2*b + 50. What are the prime factors of w?
2, 3
Let g(r) = -11*r**2 + r - 1. Let d be g(1). Let h = d + 8. List the prime factors of 8/(-24) + (-64)/h.
3, 7
Suppose -2*h = -0*h + 5*g - 56, -g - 86 = -5*h. Let y be 125/(-7) + (-3)/21. Let c = h - y. List the prime factors of c.
2, 3
Suppose -7 = 2*q - 2*f + 7, q = -4*f - 7. Let p(g) = g + 18. Let z be p(-19). Let t = z - q. List the prime factors of t.
2, 3
Suppose -245 = -5*s + 5*k, -3*s + k - 216 = -7*s. Suppose 5*b - 170 = r, -r = -b + 3*r + s. What are the prime factors of b?
3, 11
Let q(h) = 73*h**2 - 24*h - 10. What are the prime factors of q(-4)?
2, 3, 11, 19
Let n(s) = 2*s**2 + 3*s + 13 + 6*s**2 - s**3 + 5*s**2. What are the prime factors of n(13)?
2, 13
Let k(y) = -15 + 6*y + 25 - 16. What are the prime factors of k(7)?
2, 3
Let v(b) = 9*b**2 - 14*b + 16. List the prime factors of v(-7).
3, 5, 37
Suppose 0 = -g - 3*r + 842, -5*r - 8 - 2 = 0. List the prime factors of g.
2, 53
Suppose 0 = 2*k + v + 7, -k - 16 = 5*v + 10. Suppose 0 = 3*j, y - 5*j + 1 + 0 = 0. List the prime factors of 17 - 3/y - k.
3, 7
Let g(m) = -26*m + 4. Suppose 0 = -4*y - q - 12, 0 = -2*y - 2*q - 6 - 0. What are the prime factors of g(y)?
2, 41
Let a = -424 - -1325. What are the prime factors of a?
17, 53
Suppose 3*h - 245 = 58. Let r = h - 86. List the prime factors of r.
3, 5
Let l be (-12)/(-8) - 3/2. List the prime factors of (2 - l) + -4 + (-63)/(-3).
19
Suppose 3*r - 5*r = -178. Suppose -3*q + 4*a + 128 = 0, 0*q = -2*q - a + r. What are the prime factors of q?
2, 11
Let s(o) = o**3 + 36*o**2 + 7*o + 94. List the prime factors of s(-27).
2, 53, 61
Let f be (5 - 2)/((-6)/(-8)). Let a(l) = -44 - 5*l + f*l + 47. What are the prime factors of a(-4)?
7
Suppose -2*x - 148 = -4*m + 3*x, -4*m = 3*x - 180. Suppose 4*c - 4*o = 216, -c + 16 = -2*o - m. List the prime factors of c.
2, 5
Let h(n) = n**3 - 2*n**2 + 7*n - 10. Let b(t) = t**2 - 8*t + 3. Let j be b(8). List the prime factors of h(j).
2, 5
Suppose 5*d = -5 - 45. Let v = d - -9. What are the prime factors of (v*1)/((-6)/66)?
11
Suppose 1 = 2*t - 3. Suppose 0 = q - 5*q. Suppose 0 = -r + 2*z + 16 - q, t*z = -4. List the prime factors of r.
2, 3
Let s = 36 - 264. Let c = s + 326. What are the prime factors of c?
2, 7
Let o = -147 - -434. What are the prime factors of o?
7, 41
Suppose 2*x - 259 = 71. Suppose 0 = 5*l + 60 - x. Suppose 0 = 6*c - l - 75. List the prime factors of c.
2
Let s = -211 + 399. What are the prime factors of (-2 + 15/12)*(12 - s)?
2, 3, 11
Let j(s) = -4*s**2 + 4*s - 4. Let f be (-12)/(-78) + (-111)/(-39). Let m be j(f). Let i = -14 - m. List the prime factors of i.
2, 7
Let o = 6593 + -3644. What are the prime factors of o?
3, 983
Suppose 8*j - 17 + 1 = 0. Suppose -115 = -5*s - 2*y, 2*s + j*y - 52 = -0*y. What are the prime factors of s?
3, 7
What are the prime factors of (216/16)/((-4)/(-432))?
2, 3
Let r be (3 - -13) + (0/(-4))/(-1). Suppose -240 = 11*b - r*b. List the prime factors of b.
2, 3
Let r = 42 + -80. Suppose -35 = 3*c + o, -6*c - 5*o - 45 = -4*c. What are the prime factors of r/(-10) - 2/c?
2
Let v(t) = -t**2 - 15*t - 13. Let j = -5 - 5. Let l be v(j). Suppose 5*w = -5*h + 83 + l, 0 = -4*h + 4*w + 96. What are the prime factors of h?
2, 3
Let l = 50 + -52. What are the prime factors of (-46)/(-3)*(-15)/l?
5, 23
Let d be 79/(-2) - 1/2. Let u = d + 66. What are the prime factors of u?
2, 13
Let f(r) = r**2 + 3*r - 199. List the prime factors of f(-39).
5, 241
Let b be -1*(-1 + 1 + 1). Let m be b/6 + (-13)/(-6). What are the prime factors of (2 - 5)/(m/(-6))?
3
Let r(h) = -3*h**2 + 12 + 16*h + h**2 + h**2. List the prime factors of r(12).
2, 3, 5
Let h = -2221 + 3772. What are the prime factors of h?
3, 11, 47
Let m(n) = 4*n - 7. Let o be m(14). Let q = o - 34. What are the prime factors of q?
3, 5
Let u(k) = -k**3 - 11*k**2 + 7*k - 23. Let x be u(-12). Let d be 114/8 + 8/(-32). Suppose -l - d = -x. What are the prime factors of l?
23
Suppose 403 = 2*z - 457. What are the prime factors of z?
2, 5, 43
Let l = -138 - -55. Let f = 149 + l. List the prime factors of f.
2, 3, 11
Let g = 5 + 0. Suppose -2*s + 411 = -0*s + u, -1035 = -g*s + 5*u. List the prime factors of s.
2, 103
Let g(h) = h**2 + 6*h - 7. Let w be g(-7). Let n be 1/2 - 1/2. Suppose w = 2*l + 3*p - 22 - 13, p - 1 = n. List the prime factors of l.
2
Let f(u) = 4*u**3 - 3*u**2 - 3*u + 6. Let m(d) = d**2 - 15*d + 38. Let q be m(12). List the prime factors of f(q).
2, 5
Suppose -4*v - u = 19, -4*v - 2*u = u + 9. Let i be v + (-2 + 2 - 0). Let g = i - -10. List the prime factors of g.
2
Suppose -4*a - 3*s = -4119, -4*s - 603 = -2*a + 1473. What are the prime factors of a?
2, 3, 43
Suppose 12 = -4*w + 3*b, w - 2 = b - 6. Let s be (7 - -66)*(1 - w). Let r = -46 + s. What are the prime factors of r?
3
Let z(w) = -2*w**3 + 4*w**2 + 1. Let y be z(4). Let u be (y/(-6))/((-6)/(-8)). List the prime factors of 2/7 + 416/u.
2, 3, 5
Let l = 27 - -1. Suppose -4*s + 5*o + 18 = 0, 5*s - 2*o - 4 = -5*o. Suppose 2*h - 3*r - l = -s*h, -5*r = 2*h - 40. List the prime factors of h.
2, 5
Let h(b) = 4*b**2 - 2. Let z be h(-2). Suppose -304 = -3*q - 4*d + z, 0 = 2*q + 4*d - 216. List the prime factors of q.
2, 3, 17
Suppose 983 = -9*s + 20. Let m = s - -158. What are the prime factors of m?
3, 17
Let w = -1314 - -3198. List the prime factors of w.
2, 3, 157
Suppose 5*o = 4*o + 163. Suppose o = 2*n + a, -3*n + 243 = a - 0*a. What are the prime factors of n?
2, 5
Let s = -75 - -81. Suppose s*p = 1061 + 871. List the prime factors of p.
2, 7, 23
Let t(r) = 28*r**2 + 5*r - 3. Let l be t(-5). Suppose 4*p + l = 12*p. List the prime factors of p.
2, 3, 7
List the prime factors of (-4)/22 + (-107620)/(-220).
3, 163
Let z = 1044 - -40. List the prime factors of z.
2, 271
Suppose 0 = -3*i + 8 + 7. Suppose 2*d - 3*s - 2*s = 30, 56 = i*d - 3*s. What are the prime factors of (d + -9)*(0 - -7)?
7
Suppose -k - i = 0, -k - 4*i = -5*k + 32. Suppose d + 61 = 3*a - 48, 5*a + k*d - 176 = 0. Let h = a + -10. List the prime factors of h.
2, 13
Suppose 0 = -39*l + 38*l - 7. Let w(j) be the second derivative of -j**3/6 + 2*j**2 + j. List the prime factors of w(l).
11
What are the prime factors of -26*(-2 + (1863/6)/(-9))?
13, 73
Let p = 424 - 160. What are the prime factors of p?
2, 3, 11
Suppose -2*c + 882 = 4*p, -7*c + 1098 = 5*p - 9*c. List the prime factors of p.
2, 5, 11
Suppose 1230 + 120 = 6*j. What are the prime factors of j?
3, 5
Suppose -15*k + 19*k - 1280 = 0. What are the prime factors of k?
2, 5
Suppose 2*p + 2*p + 512 = 4*b, -2*p = -b + 133. Let d = -67 + b. What are the prime factors of d?
2, 7
Let l = 18 + -14. Suppose 7 = l*r - 9. Suppose -r*j + 20 = f - 11, 2*j - 4*